actors of 397?
397
What are the prime factors of 22323?
3, 7, 1063
What are the prime factors of 3273?
3, 1091
What are the prime factors of 76451?
89, 859
List the prime factors of 2077.
31, 67
What are the prime factors of 14387?
14387
What are the prime factors of 20165?
5, 37, 109
What are the prime factors of 165923?
277, 599
What are the prime factors of 4246?
2, 11, 193
List the prime factors of 12121.
17, 23, 31
What are the prime factors of 101246?
2, 23, 31, 71
List the prime factors of 8529.
3, 2843
List the prime factors of 1086.
2, 3, 181
List the prime factors of 40488.
2, 3, 7, 241
List the prime factors of 7057.
7057
What are the prime factors of 180?
2, 3, 5
What are the prime factors of 5169?
3, 1723
List the prime factors of 4102.
2, 7, 293
What are the prime factors of 29317?
19, 1543
List the prime factors of 10282.
2, 53, 97
What are the prime factors of 671?
11, 61
What are the prime factors of 2814?
2, 3, 7, 67
List the prime factors of 3978.
2, 3, 13, 17
What are the prime factors of 13564?
2, 3391
What are the prime factors of 5590?
2, 5, 13, 43
List the prime factors of 22940.
2, 5, 31, 37
What are the prime factors of 17086?
2, 8543
What are the prime factors of 7429?
17, 19, 23
List the prime factors of 52410.
2, 3, 5, 1747
What are the prime factors of 2707?
2707
What are the prime factors of 27?
3
What are the prime factors of 8201?
59, 139
What are the prime factors of 237?
3, 79
What are the prime factors of 6490?
2, 5, 11, 59
What are the prime factors of 55233?
3, 17, 19
What are the prime factors of 26604?
2, 3, 739
What are the prime factors of 1599?
3, 13, 41
List the prime factors of 3644.
2, 911
What are the prime factors of 10194?
2, 3, 1699
List the prime factors of 27962.
2, 11, 31, 41
List the prime factors of 138587.
138587
What are the prime factors of 45037?
29, 1553
List the prime factors of 6984.
2, 3, 97
List the prime factors of 8658.
2, 3, 13, 37
List the prime factors of 17343.
3, 41, 47
What are the prime factors of 1026?
2, 3, 19
List the prime factors of 10230.
2, 3, 5, 11, 31
List the prime factors of 3971.
11, 19
List the prime factors of 1528.
2, 191
List the prime factors of 15233.
15233
What are the prime factors of 2141?
2141
List the prime factors of 3939.
3, 13, 101
What are the prime factors of 39729?
3, 17, 19, 41
What are the prime factors of 13130?
2, 5, 13, 101
List the prime factors of 9245.
5, 43
What are the prime factors of 4048?
2, 11, 23
What are the prime factors of 189?
3, 7
List the prime factors of 1219.
23, 53
List the prime factors of 4.
2
List the prime factors of 4529.
7, 647
List the prime factors of 21624.
2, 3, 17, 53
What are the prime factors of 3130?
2, 5, 313
What are the prime factors of 17151?
3, 5717
List the prime factors of 76288.
2, 149
List the prime factors of 136207.
136207
What are the prime factors of 19020?
2, 3, 5, 317
What are the prime factors of 2214?
2, 3, 41
What are the prime factors of 1852?
2, 463
List the prime factors of 6392.
2, 17, 47
List the prime factors of 655.
5, 131
What are the prime factors of 648?
2, 3
What are the prime factors of 614?
2, 307
List the prime factors of 3079.
3079
List the prime factors of 1131.
3, 13, 29
List the prime factors of 120.
2, 3, 5
What are the prime factors of 1567?
1567
List the prime factors of 29944.
2, 19, 197
What are the prime factors of 7391?
19, 389
List the prime factors of 2963.
2963
List the prime factors of 364.
2, 7, 13
What are the prime factors of 1628?
2, 11, 37
List the prime factors of 17629.
17, 61
List the prime factors of 9848.
2, 1231
List the prime factors of 1413.
3, 157
What are the prime factors of 4735?
5, 947
What are the prime factors of 21448?
2, 7, 383
What are the prime factors of 1114?
2, 557
List the prime factors of 6072.
2, 3, 11, 23
What are the prime factors of 119513?
119513
List the prime factors of 40637.
40637
List the prime factors of 14964.
2, 3, 29, 43
List the prime factors of 89113.
89113
What are the prime factors of 8030?
2, 5, 11, 73
What are the prime factors of 6587?
7, 941
List the prime factors of 1153.
1153
What are the prime factors of 10639?
10639
List the prime factors of 151876.
2, 43, 883
List the prime factors of 2695.
5, 7, 11
What are the prime factors of 33754?
2, 7, 2411
What are the prime factors of 2333?
2333
List the prime factors of 64533.
3, 7, 439
List the prime factors of 1118.
2, 13, 43
What are the prime factors of 1341?
3, 149
What are the prime factors of 141?
3, 47
What are the prime factors of 1387?
19, 73
List the prime factors of 1447.
1447
List the prime factors of 21490.
2, 5, 7, 307
List the prime factors of 4305.
3, 5, 7, 41
List the prime factors of 2818.
2, 1409
List the prime factors of 121035.
3, 5, 8069
What are the prime factors of 60019?
47, 1277
What are the prime factors of 26788?
2, 37, 181
List the prime factors of 617.
617
What are the prime factors of 1156?
2, 17
List the prime factors of 525.
3, 5, 7
What are the prime factors of 31772?
2, 13, 47
List the prime factors of 34577.
71, 487
List the prime factors of 144207.
3, 7, 109
List the prime factors of 5035.
5, 19, 53
What are the prime factors of 68929?
7, 43, 229
List the prime factors of 19140.
2, 3, 5, 11, 29
What are the prime factors of 5574?
2, 3, 929
List the prime factors of 15219.
3, 19, 89
List the prime factors of 35993.
35993
List the prime factors of 2054.
2, 13, 79
List the prime factors of 22283.
22283
What are the prime factors of 83?
83
List the prime factors of 1534.
2, 13, 59
What are the prime factors of 23739?
3, 41, 193
What are the prime factors of 27107?
27107
List the prime factors of 3421.
11, 311
List the prime factors of 610.
2, 5, 61
What are the prime factors of 41?
41
What are the prime factors of 40602?
2, 3, 67, 101
What are the prime factors of 344?
2, 43
What are the prime factors of 8479?
61, 139
What are the prime factors of 1377?
3, 17
What are the prime factors of 790?
2, 5, 79
What are the prime factors of 9867?
3, 11, 13, 23
List the prime factors of 740.
2, 5, 37
List the prime factors of 18152.
2, 2269
List the prime factors of 166.
2, 83
List the prime factors of 483.
3, 7, 23
What are the prime factors of 77539?
7, 11, 19, 53
List the prime factors of 2073.
3, 691
What are the prime factors of 5941?
13, 457
List the prime factors of 3684.
2, 3, 307
List the prime factors of 33906.
2, 3, 5651
List the prime factors of 433.
433
What are the prime factors of 1882?
2, 941
List the prime factors of 103080.
2, 3, 5, 859
What are the prime factors of 391?
17, 23
List the prime factors of 18515.
5, 7, 23
List the prime factors of 2406.
2, 3, 401
What are the prime factors of 169?
13
What are the prime factors of 18321?
3, 31, 197
What are the prime factors of 4304?
2, 269
List the prime factors of 116938.
2, 59, 991
What are the prime factors of 1364?
2, 11, 31
What are the prime factors of 5981?
5981
List the prime factors of 1500.
2, 3, 5
List the prime factors of 38112.
2, 3, 397
List the prime factors of 19697.
19697
List the prime factors of 5888.
2, 23
What are the prime factors of 385?
5, 7, 11
What are the prime factors of 121?
11
What are the prime factors of 61781?
61781
What are the prime factors of 1766?
2, 883
What are the prime factors of 42511?
7, 6073
List the prime factors of 1055.
5, 211
List the prime factors of 1494.
2, 3, 83
What are the prime factors of 1534?
2, 13, 59
What are the prime factors of 10232?
2, 1279
List the prime factors of 89326.
2, 59, 757
What are the prime factors of 28247?
47, 601
List the prime factors of 6562.
2, 17, 193
What are the prime factors of 98496?
2, 3, 19
What are the prime factors of 5375?
5, 43
What are the prime factors of 11017?
23, 479
List the prime factors of 48025.
5, 17, 113
List the prime factors of 2719.
2719
What are the prime factors of 868?
2, 7, 31
What are the prime factors of 281?
281
What are the prime factors of 3984?
2, 3, 83
What are the prime factors of 1053?
3, 13
List the prime factors of 669.
3, 223
What are the prime factors of 109880?
2, 5, 41, 67
List the prime factors of 10256.
2, 641
What are the prime factors of 1171?
1171
List the prime factors of 35397.
3, 19, 23
List the prime factors of 1494.
2, 3, 83
What are the